mber?
True
Is 5612344373 a composite number?
True
Is 1826266829 composite?
False
Is 18410000137 a prime number?
False
Is 1120449793 prime?
False
Is 18422554963 prime?
True
Is 434491115 composite?
True
Is 53526855761 composite?
False
Is 1745625547 a composite number?
True
Is 235409375809 prime?
True
Is 48214266391 a composite number?
True
Is 21869652313 a composite number?
True
Is 28523252911 composite?
False
Is 140192952853 prime?
True
Is 468108721 a prime number?
False
Is 8276450657 prime?
False
Is 258209867 prime?
False
Is 58332903 prime?
False
Is 24602398507 composite?
False
Is 59255391001 a composite number?
True
Is 1680905701 composite?
True
Is 2964013331 a prime number?
True
Is 11533950889 prime?
True
Is 27103000159 a composite number?
True
Is 302480499 prime?
False
Is 32684938243 a prime number?
True
Is 1914008241 a composite number?
True
Is 1141709909 a prime number?
True
Is 105098772851 composite?
True
Is 59839059395 prime?
False
Is 785421129 composite?
True
Is 27738307657 prime?
False
Is 1928927599 a composite number?
True
Is 1688177587 a composite number?
True
Is 8186700569 prime?
False
Is 61641289987 composite?
True
Is 252677111 composite?
True
Is 186256781 a prime number?
False
Is 38159428529 composite?
True
Is 96069247 a prime number?
True
Is 289420507 a composite number?
False
Is 36544792231 prime?
False
Is 1863128831 prime?
False
Is 4663654531 a prime number?
True
Is 2180935087 prime?
False
Is 926013199 prime?
True
Is 12706626593 a composite number?
True
Is 12869995729 a composite number?
False
Is 4906766833 a prime number?
True
Is 3861573619 a composite number?
True
Is 11120182147 composite?
False
Is 4919742929 prime?
False
Is 5260762597 a composite number?
False
Is 5488629899 a prime number?
False
Is 1497062977 composite?
False
Is 356395079 composite?
True
Is 717411371 a composite number?
True
Is 1247226091 a prime number?
True
Is 258137773549 a composite number?
True
Is 25942987193 composite?
False
Is 60640799189 composite?
True
Is 3197497123 a prime number?
True
Is 11710474277 a prime number?
False
Is 17419776059 a composite number?
True
Is 6177486179 a prime number?
False
Is 1435487119 prime?
False
Is 5388306283 a prime number?
True
Is 12165964549 composite?
True
Is 47607202897 composite?
True
Is 135239203 composite?
True
Is 11981739709 prime?
True
Is 1540895245 a composite number?
True
Is 2292623153 composite?
False
Is 4968967711 prime?
False
Is 641389663 a composite number?
False
Is 230743423181 composite?
True
Is 43110745211 a prime number?
False
Is 18123123131 prime?
True
Is 223043393 prime?
False
Is 1418138983 a composite number?
False
Is 262759687 prime?
True
Is 619290979 a prime number?
True
Is 865627877 a prime number?
True
Is 7839814691 composite?
False
Is 201681128081 prime?
False
Is 2902521031 composite?
False
Is 43518161 prime?
True
Is 711559885 composite?
True
Is 24715253837 prime?
False
Is 169487039 prime?
True
Is 38828712467 composite?
False
Is 41081214709 a composite number?
True
Is 85255516937 composite?
False
Is 524153219 prime?
True
Is 53904188789 prime?
False
Is 35096682349 a prime number?
True
Is 3543054551 prime?
False
Is 10653321442 a composite number?
True
Is 925024913 a composite number?
False
Is 22200284023 a composite number?
True
Is 98618407 a prime number?
False
Is 11056966411 composite?
False
Is 8369596793 a composite number?
False
Is 3139559611 a prime number?
True
Is 7740133937 prime?
False
Is 24838405751 prime?
True
Is 3499930451 prime?
True
Is 74272820579 a prime number?
False
Is 2121383333 composite?
False
Is 1692392917 prime?
True
Is 436449737 a composite number?
True
Is 84140335469 prime?
False
Is 1266653497 prime?
False
Is 5620837699 prime?
False
Is 12609565957 a composite number?
False
Is 510431917 composite?
True
Is 503992393 composite?
False
Is 118766282933 a prime number?
True
Is 7444489841 composite?
False
Is 2917905647 prime?
True
Is 1050425059 a prime number?
False
Is 1178496353 a composite number?
True
Is 8995453211 a prime number?
True
Is 9658732439 composite?
False
Is 1420133893 composite?
True
Is 358587521 prime?
True
Is 5738738983 a prime number?
True
Is 4857039619 composite?
False
Is 1969605377 a composite number?
False
Is 7624389011 prime?
False
Is 3098117359 a composite number?
False
Is 422692757 a composite number?
False
Is 28384101587 a composite number?
False
Is 25859803 prime?
True
Is 60215515313 a prime number?
True
Is 54087749 a prime number?
True
Is 9666339097 a composite number?
False
Is 2005355503 a composite number?
False
Is 176331157 composite?
True
Is 13528089121 a composite number?
True
Is 2048363683 composite?
False
Is 6225243613 a composite number?
True
Is 534415369 a prime number?
False
Is 2920782803 composite?
False
Is 56923567 prime?
True
Is 81805127739 composite?
True
Is 6976517959 composite?
True
Is 919884613 composite?
False
Is 220946933 a prime number?
True
Is 610633091 composite?
True
Is 194473813147 composite?
False
Is 11859016813 prime?
False
Is 504991229113 prime?
False
Is 35623715693 a prime number?
False
Is 208759283 a prime number?
True
Is 164079628969 prime?
True
Is 16896232861 composite?
True
Is 23760239073 prime?
False
Is 28042317817 a prime number?
False
Is 1331060249 prime?
True
Is 497228399 a prime number?
True
Is 3742506409 composite?
False
Is 821127179 prime?
True
Is 9685161427 a prime number?
True
Is 30569059 prime?
True
Is 7735236721 a prime number?
True
Is 3387284549 a prime number?
False
Is 17435784407 a prime number?
False
Is 748087511 composite?
False
Is 2070938789 a prime number?
True
Is 28142414401 a prime number?
True
Is 18619163093 prime?
False
Is 5120202163 prime?
False
Is 17144455871 a composite number?
False
Is 31623140449 prime?
False
Is 15123799885 a prime number?
False
Is 766351867 a composite number?
True
Is 318275627 a composite number?
True
Is 16398194807 prime?
True
Is 625174021 composite?
True
Is 1370126207 prime?
False
Is 6793559147 composite?
False
Is 775746871 a prime number?
True
Is 80820256639 a prime number?
False
Is 3884631697 a composite number?
False
Is 4521898835 a prime number?
False
Is 9272042261 a composite number?
True
Is 700220519 a prime number?
False
Is 2725749259 prime?
True
Is 8821825135 a composite number?
True
Is 17508242263 a prime number?
True
Is 29839111 composite?
False
Is 778299395 composite?
True
Is 30223751 prime?
True
Is 4158755789 a prime number?
False
Is 1143573079 prime?
False
Is 128947859629 prime?
False
Is 8256717443 a prime number?
False
Is 9249018013 a composite number?
False
Is 2806884949 composite?
True
Is 13924857251 composite?
False
Is 781862233 composite?
False
Is 14270628761 composite?
False
Is 25383757897 prime?
True
Is 4844600077 composite?
True
Is 4282869593 a prime number?
True
Is 50756576833 a prime number?
False
Is 24292454899 prime?
True
Is 110687543 a prime number?
True
Is 1027749967 prime?
False
Is 678393767 a composite number?
False
Is 628224029 prime?
True
Is 6825922063 prime?
True
Is 962829757 prime?
False
Is 345634303 composite?
True
Is 8896676629 prime?
True
Is 12498196297 composite?
True
Is 153302959 composite?
False
Is 752680657 a prime number?
True
Is 131221267 a composite number?
False
Is 8793729719 a composite number?
False
Is 23343754627 a prime number?
False
Is 262186571717 prime?
False
Is 265432391 a composite number?
True
Is 12381636467 a prime number?
False
Is 851387851 a prime number?
False
Is 3666335317 a composite number?
False
Is 1398437281 a prime number?
True
Is 41955971707 a prime number?
False
Is 5984501927 composite?
False
Is 20963417 composite?
False
Is 438923129 a prime number?
False
Is 4084348493 prime?
True
Is 889963943 a composite number?
True
Is 6527809063 a composite number?
False
Is 540853381 a prime number?
False
Is 37694099 a composite number?
True
Is 2496920974 prime?
False
Is 3149287529 composite?
False
Is 363807319 composite?
False
Is 34881719065 prime?
False
Is 2685517819 prime?
False
Is 1286186191 a composite number?
False
Is 18049763 prime?
True
Is 2029349143 composite?
True
Is 9268535189 prime?
True
Is 20350491553 composite?
True
Is 661222889 composite?
False
Is 2382980603 composite?
True
Is 36577241759 prime?
True
Is 129574712807 composite?
True
Is 146291390687 a prime number?
False
Is 220166832827 a prime number?
Tru